?
8
Let b = 5 + -7. Let n(p) = -2*p + 1. What is the remainder when n(-3) is divided by (1 - b)*(-1)/(-1)?
1
Suppose 3*k - 5 + 2 = 0. What is the remainder when 27 is divided by (14/k)/(-2 + 3)?
13
Let r = 58 - 33. Suppose -5 = -2*w - 4*o + 29, 0 = 2*w - 5*o - r. Calculate the remainder when (-18)/8*(-112)/6 is divided by w.
12
Let l(v) = -v**2 + 7*v + 6. Let r be l(7). Suppose r*b - 2*b = 56. What is the remainder when 40 is divided by b?
12
Let n = 72 + -36. Calculate the remainder when 178 is divided by n.
34
Let d(c) = -c**2 + 5*c + 3. What is the remainder when 10 is divided by d(4)?
3
Let n be 4/(-10) - (-6)/15. Let l(j) be the first derivative of j**2/2 + 5*j + 1. Calculate the remainder when l(n) is divided by 3.
2
Suppose -2*q + p + 17 = 0, 0 + 9 = 3*p. What is the remainder when 39 is divided by q?
9
Let n = 13 - 7. Let z = 7 + 3. Calculate the remainder when z is divided by n.
4
Suppose -5*o = -3*y - 78, -o - 3*y + 30 = -0*o. Calculate the remainder when 1/(-1 + 68/66) is divided by o.
15
Let o(m) = 4*m**2 - 2*m. Let y = -67 + 114. Calculate the remainder when y is divided by o(2).
11
Let h = 201 + -197. Calculate the remainder when 31 is divided by h.
3
Suppose 4*m = 5*i - 5, -3*m - 3*i + 0*i = -3. Let w = 4 - m. Suppose -w*g = -0*g - 56. Calculate the remainder when 27 is divided by g.
13
Suppose -2*i + 6 = -4. Let k(r) = 2*r**2 - 2*r - 2. What is the remainder when k(i) is divided by ((-4)/(-5))/((-2)/(-25))?
8
Suppose 5*g = 0, 2*n + 3*n = -5*g. Suppose n*p = 4*p - 104. What is the remainder when p is divided by 14?
12
Let t be 15*3*(-16)/(-30). Suppose 4*o - t = 2*o. What is the remainder when 22 is divided by o?
10
Let u(y) = -y**3 - 24*y**2 - 24*y. What is the remainder when 66 is divided by u(-23)?
20
Let y(r) be the first derivative of r**3/3 + r**2 - 4*r + 3. Calculate the remainder when 21 is divided by y(3).
10
Let n = 59 + -35. Suppose -5*f + 3 + 42 = 0. What is the remainder when n is divided by f?
6
Suppose 5*h + 9 = 3*r - 5*r, 4*h = 2*r - 18. Suppose -j = 4*j - 95. What is the remainder when (-3)/(0 + r) - -37 is divided by j?
17
Suppose -q - 117 = -3*b - 2*q, -2*b = -5*q - 78. Suppose -4*v - 16 = f - 46, 0 = -f - 3*v + 26. What is the remainder when b is divided by f?
11
Let r(m) = -3*m + 1. Let u be 6/10 - (-215)/(-25). What is the remainder when r(u) is divided by 13?
12
Let v(l) = -12*l + 9. Let i be v(5). Let b = i - -89. Suppose 88 = 4*w + 8. Calculate the remainder when b is divided by w.
18
Suppose 3*c - 21 = -3*v - v, c = 4*v - 9. What is the remainder when v is divided by 6/(-3) + (-5)/1 + 9?
1
Let n(m) = m + 41. Calculate the remainder when 38 is divided by n(-20).
17
Let w(q) = -5 + 5 - q. Let h(g) = -g + 1. Let m(c) = -h(c) - 6*w(c). Calculate the remainder when m(3) is divided by 7.
6
Suppose 6*q = g + q + 8, 3*q - 83 = -4*g. Let z = -33 + 65. What is the remainder when z is divided by g?
15
Suppose 0 = 5*i - 3*o + 3, -2 = -4*o + 2. Suppose 3*u = -n + 16, -4*u + i*u = -16. What is the remainder when 9 is divided by n?
1
Calculate the remainder when 1 + -3 + (8 - (-3)/(-3)) is divided by 1.
0
Let h = 148 - 111. Calculate the remainder when 89 is divided by h.
15
Let z = -5 + 27. Calculate the remainder when (-18)/99 + 994/z is divided by 16.
13
Suppose 2*h - 5*r - 1 = 0, 2*h - 5*h + 3*r - 3 = 0. Let l(c) = -4*c + 2. Calculate the remainder when l(h) is divided by 3.
1
Let u = 319 + -252. Let b(q) = -q**3 + 5*q**2 + 9*q - 1. What is the remainder when u is divided by b(6)?
16
Let d(p) = -2*p + 70. Calculate the remainder when d(-24) is divided by 40.
38
Let b(z) = -z**3 - 11*z**2 - 7*z + 3. What is the remainder when b(-11) is divided by 21?
17
Suppose -5*j + 5*m = 30 - 180, 0 = 4*j - 3*m - 117. What is the remainder when j is divided by 8?
3
Suppose 2 = k - 0*o + 5*o, -4*k = -2*o - 96. Suppose -4 = -b + 8. Calculate the remainder when k is divided by b.
10
Let h = 18 - 15. Calculate the remainder when 4 is divided by h.
1
Suppose d + 4*v - 35 = -v, 4*d - 44 = 4*v. Suppose 6*h - h = d. Suppose -5*s + 42 = h*g + 11, 5*g + 10 = 4*s. What is the remainder when 5 is divided by g?
1
Let k(a) = -a**3 - 4*a**2 + 5*a + 5. Let u be k(-6). Suppose 0 = -4*c + u + 5. Calculate the remainder when 24 is divided by c.
11
Suppose p - 3 = 11. Suppose -2*v - 3*v + 40 = 0. Calculate the remainder when p is divided by v.
6
Suppose -6*u + 3*u = -12. Let a be 1/u + (-222)/(-8). Suppose 4*f = 2*j + a, -f + 1 + 1 = 2*j. Calculate the remainder when 10 is divided by f.
4
Suppose s - 14 = 2*b, 0*s - b = -3*s + 17. Suppose l + 2 = 4. Calculate the remainder when s is divided by l.
0
Let w(b) = 22*b**2 - 4*b - 2. What is the remainder when 95 is divided by w(-1)?
23
Let m(o) = -o**3 + 4*o**2 + 4*o + 1. Let r(n) = n**2 + 3*n - 3. Let k be r(-4). Suppose 5 = x + k. What is the remainder when m(x) is divided by 9?
8
Suppose -z - 4*z - 40 = 0. Let y = 63 - z. What is the remainder when y is divided by 18?
17
Let g(k) = -2*k + 1. Let z be 34/(-4) - 3/(-6). Suppose -2*u - 4*v + 10 = 0, 29 = 3*u - v - 0*v. Calculate the remainder when g(z) is divided by u.
8
Let i(u) = -3*u - 4. Let a be i(-4). Let c = -5 + a. Suppose 78 = 3*n - q, -2*q + 7*q - 60 = -c*n. Calculate the remainder when n is divided by 9.
7
Let o(x) = x**2 + 7*x + 3. Let v be o(-7). Calculate the remainder when 3*-1 - (-102)/v is divided by 16.
15
Let s(p) = 7*p - 7. Calculate the remainder when 111 is divided by s(5).
27
Suppose -a + 0 = -2. Calculate the remainder when (-8)/5*(-15)/6 is divided by a.
0
Suppose s + 3*s = 100. What is the remainder when s is divided by 4?
1
Let k(t) = -11*t - 34. What is the remainder when k(-8) is divided by 29?
25
Suppose 4*x - 288 = -2*x. Suppose 2*p + p = 75. Calculate the remainder when x is divided by p.
23
Let q(l) = 29*l - 11. Let i(c) = -6*c + 2. Let f(u) = 11*i(u) + 2*q(u). Suppose 0 = -m + 5*m + 4. Calculate the remainder when f(m) is divided by 3.
2
Calculate the remainder when 138 is divided by (-38 - -2)*8/(-6).
42
Let s be ((-5)/(-3))/((-5)/(-15)). Suppose -4*d = -s*a + 125 - 23, -a = d - 15. What is the remainder when a is divided by 10?
8
Let o be (-4)/(12/(-15)) - 0. Suppose 5 = o*y, -4*g + g = -5*y + 2. Calculate the remainder when ((-2)/4)/((-4)/8) is divided by g.
0
Suppose -4*y - 4*h = -3*h - 15, 3*h = 5*y - 23. Let o = -10 - -13. What is the remainder when y is divided by o?
1
What is the remainder when 8/(-28) - (-247)/7 is divided by 18?
17
Let d(b) = b + 1. Let g(l) = -l**2 + l + 4. Let n(p) = 3*d(p) - g(p). Suppose 7 = 4*r - 41. Calculate the remainder when n(-7) is divided by r.
10
Suppose -15 = 3*w, 6*w + 2 = -i + 4*w. Calculate the remainder when 22 is divided by i.
6
Suppose 2*t - 268 = -3*a + 195, -3*t = -3*a + 468. Let i = 411 - a. What is the remainder when i/10 - 2/(-5) is divided by 14?
12
What is the remainder when (-8)/(-20) - (-363)/5 is divided by 19?
16
Let k(v) = v - 1. Let f(o) = -42*o + 5. Let z(s) = -f(s) - 6*k(s). What is the remainder when z(1) is divided by 19?
18
Suppose -r + 24 = 2*r. Suppose -3*l + 54 = 2*h + 2*l, 0 = 5*h - 5*l - 100. Calculate the remainder when h is divided by r.
6
Let h = -3 - -17. Suppose 5*m = 4*p - 7*p - 35, 3*p = -3*m - 33. Let q = 18 + p. What is the remainder when h is divided by q?
6
Let h(l) = -l**3 + 5*l**2 + 3. Suppose -23 = -4*c - 7. Suppose -5*y = -5*n, 7*y = 2*y - 4*n + 45. What is the remainder when h(c) is divided by y?
4
Let t be -6*(-1)/2*1. Let u(f) = f + 1. What is the remainder when t*(-16)/(-3) - -1 is divided by u(5)?
5
Let a = -1 + 15. Calculate the remainder when (-40 + 0)/(-5 - -4) is divided by a.
12
Suppose 9*m - 42 = 3*m. Calculate the remainder when 40 is divided by m.
5
Suppose -3*f + 5*y + 48 = 2*y, 3*f - 52 = y. Calculate the remainder when f is divided by 11.
7
Suppose -r - r + 10 = 4*q, -1 = r. Let h be q/((-3)/8)*-5. Suppose -2*i = 3*i - h. Calculate the remainder when 15 is divided by i.
7
Let z(w) = -w**2 + 2*w + 27. What is the remainder when z(0) is divided by 7?
6
Let g(o) = -o**3 - 5*o**2 - 5*o - 16. Calculate the remainder when 13 is divided by g(-5).
4
Let s(t) = -9 + 16 + 5*t - 8. What is the remainder when (30/(-8))/3*-20 is divided by s(2)?
7
Let b = 1 + 2. Let k = -1 + b. What is the remainder when 37 is divided by (0 + -4